{"id":33,"date":"2017-04-03T14:28:18","date_gmt":"2017-04-03T14:28:18","guid":{"rendered":"http:\/\/nda-production.fr\/?page_id=33"},"modified":"2021-08-12T16:23:14","modified_gmt":"2021-08-12T16:23:14","slug":"faites-un-don","status":"publish","type":"page","link":"http:\/\/nda-production.fr\/?page_id=33","title":{"rendered":"Faites un Don"},"content":{"rendered":"<h3>Comme vous le savez, le cin\u00e9ma a besoin de beaucoup de financement.<\/h3>\n<h3>Pour continuer \u00e0 nous d\u00e9velopper nous avons besoin de vous :<\/h3>\n<h3>En coproduction, en b\u00e9n\u00e9volat, mais aussi en dons.<\/h3>\n<p>&nbsp;<\/p>\n<h3><span style=\"background-color: #ff9900;\">Faites un don \u00e0 NDA<\/span><\/h3>\n<h3><em>Association loi 1901 \u00e0 but non lucratif :<\/em><\/h3>\n<p>via <strong><span style=\"background-color: #ff9900;\">Paypal<\/span><\/strong> :<\/p>\n<h3>presidence@nda-production.fr<\/h3>\n<p>ou un <strong><span style=\"background-color: #ff9900;\">ch\u00e8que<\/span> <\/strong>\u00e0 l&rsquo;ordre de NDA<\/p>\n<h3>Association Noria D\u00e9veloppement Audiovisuel<br \/>\nC\/O Maison de la vie associative et citoyenne du 20\u00e8me<br \/>\nBo\u00eete n\u00b0 163<br \/>\n18 Rue Ramus<br \/>\n75020 PARIS<\/h3>\n<p>En retour vous recevrez un re\u00e7u officiel,&nbsp; qui vous permettra de d\u00e9duire votre don de vos imp\u00f4ts, selon la r\u00e9glementation en vigueur.<\/p>\n<p>A ce titre, merci de joindre \u00e0 votre courrier votre adresse postale.<\/p>\n<p>Association NDA<\/p>\n<p>(Noria D\u00e9veloppement Audiovisuel)<\/p>\n<p>Association Loi 1901 \u00e0 but non lucratif<\/p>\n<p style=\"text-align: center;\">Contact : presidence@nda-production.fr<\/p>\n<p style=\"text-align: center;\">mohamed.lasmer@nda-production.fr<\/p>\n","protected":false},"excerpt":{"rendered":"<p>Comme vous le savez, le cin\u00e9ma a besoin de beaucoup de financement. Pour continuer \u00e0 nous d\u00e9velopper nous avons besoin de vous : En coproduction, en b\u00e9n\u00e9volat, mais aussi en dons. &nbsp; Faites un don \u00e0 NDA Association loi 1901 \u00e0 but non lucratif : via Paypal : presidence@nda-production.fr ou un ch\u00e8que \u00e0 l&rsquo;ordre de NDA Association Noria D\u00e9veloppement Audiovisuel C\/O Maison de la vie associative et citoyenne du 20\u00e8me Bo\u00eete n\u00b0 163 18 Rue Ramus 75020 PARIS En retour vous recevrez un re\u00e7u officiel,&nbsp; qui vous permettra de d\u00e9duire votre don de vos imp\u00f4ts, selon la r\u00e9glementation en vigueur. A ce titre, merci de<a class=\"more-link\" href=\"http:\/\/nda-production.fr\/?page_id=33\">Read More &rarr;<\/a><\/p>\n","protected":false},"author":1,"featured_media":0,"parent":2,"menu_order":0,"comment_status":"closed","ping_status":"closed","template":"","meta":{"_monsterinsights_skip_tracking":false,"_monsterinsights_sitenote_active":false,"_monsterinsights_sitenote_note":"","_monsterinsights_sitenote_category":0,"ngg_post_thumbnail":0,"footnotes":""},"class_list":["entry","page","publish","author-passe3691491609266","post-33"],"_links":{"self":[{"href":"http:\/\/nda-production.fr\/index.php?rest_route=\/wp\/v2\/pages\/33","targetHints":{"allow":["GET"]}}],"collection":[{"href":"http:\/\/nda-production.fr\/index.php?rest_route=\/wp\/v2\/pages"}],"about":[{"href":"http:\/\/nda-production.fr\/index.php?rest_route=\/wp\/v2\/types\/page"}],"author":[{"embeddable":true,"href":"http:\/\/nda-production.fr\/index.php?rest_route=\/wp\/v2\/users\/1"}],"replies":[{"embeddable":true,"href":"http:\/\/nda-production.fr\/index.php?rest_route=%2Fwp%2Fv2%2Fcomments&post=33"}],"version-history":[{"count":7,"href":"http:\/\/nda-production.fr\/index.php?rest_route=\/wp\/v2\/pages\/33\/revisions"}],"predecessor-version":[{"id":211,"href":"http:\/\/nda-production.fr\/index.php?rest_route=\/wp\/v2\/pages\/33\/revisions\/211"}],"up":[{"embeddable":true,"href":"http:\/\/nda-production.fr\/index.php?rest_route=\/wp\/v2\/pages\/2"}],"wp:attachment":[{"href":"http:\/\/nda-production.fr\/index.php?rest_route=%2Fwp%2Fv2%2Fmedia&parent=33"}],"curies":[{"name":"wp","href":"https:\/\/api.w.org\/{rel}","templated":true}]}}